544831
List the prime factors of 10364406.
2, 3, 13, 89, 1493
List the prime factors of 1950124.
2, 11, 23, 41, 47
List the prime factors of 402098.
2, 201049
What are the prime factors of 1406023?
131, 10733
List the prime factors of 853291.
853291
What are the prime factors of 2666489?
7, 167, 2281
List the prime factors of 930061.
11, 84551
List the prime factors of 10960457.
1069, 10253
What are the prime factors of 92605?
5, 18521
What are the prime factors of 1206939?
3, 402313
What are the prime factors of 91833?
3, 7, 4373
List the prime factors of 6774114.
2, 3, 1129019
List the prime factors of 5470894.
2, 11, 13, 37, 47
List the prime factors of 12594064.
2, 7, 23, 4889
List the prime factors of 2587917.
3, 59, 14621
List the prime factors of 252766.
2, 47, 2689
List the prime factors of 1812038.
2, 37, 47, 521
List the prime factors of 5966419.
5966419
List the prime factors of 9584646.
2, 3, 1597441
List the prime factors of 42401698.
2, 43, 493043
List the prime factors of 22650390.
2, 3, 5, 7, 157, 229
What are the prime factors of 84524?
2, 11, 17, 113
What are the prime factors of 1033240?
2, 5, 13, 1987
What are the prime factors of 1423892?
2, 31, 11483
List the prime factors of 13051377.
3, 61, 23773
List the prime factors of 13018.
2, 23, 283
List the prime factors of 407256.
2, 3, 71, 239
What are the prime factors of 5002542?
2, 3, 277919
What are the prime factors of 655672?
2, 41, 1999
List the prime factors of 360685.
5, 13, 31, 179
What are the prime factors of 6627734?
2, 3313867
List the prime factors of 13771891.
7, 53, 5303
List the prime factors of 14170421.
14170421
What are the prime factors of 10179456?
2, 3, 7, 541
What are the prime factors of 1285273?
11, 331, 353
List the prime factors of 1402177.
7, 17, 11783
List the prime factors of 3896804.
2, 41, 23761
List the prime factors of 993180.
2, 3, 5, 16553
List the prime factors of 14981641.
17, 881273
What are the prime factors of 7253665?
5, 37, 39209
List the prime factors of 116400.
2, 3, 5, 97
What are the prime factors of 463782?
2, 3, 11, 7027
What are the prime factors of 9116224?
2, 13, 10957
What are the prime factors of 9654732?
2, 3, 373, 719
List the prime factors of 690129.
3, 11, 6971
What are the prime factors of 58297?
97, 601
What are the prime factors of 4260768?
2, 3, 44383
List the prime factors of 1137220.
2, 5, 7, 8123
What are the prime factors of 68374?
2, 17, 2011
What are the prime factors of 2668062?
2, 3, 444677
What are the prime factors of 6548117?
71, 92227
What are the prime factors of 13731385?
5, 79, 34763
List the prime factors of 1995713.
1995713
List the prime factors of 81492.
2, 3, 6791
What are the prime factors of 2053240?
2, 5, 7, 7333
List the prime factors of 2145455.
5, 13, 2539
What are the prime factors of 713065?
5, 17, 8389
What are the prime factors of 3686059?
13, 17, 1283
What are the prime factors of 11406520?
2, 5, 191, 1493
List the prime factors of 201266.
2, 13, 7741
List the prime factors of 286191.
3, 31799
List the prime factors of 628290.
2, 3, 5, 13, 179
List the prime factors of 291861.
3, 32429
What are the prime factors of 105406?
2, 7, 7529
List the prime factors of 1076838.
2, 3, 7, 25639
List the prime factors of 171224.
2, 17, 1259
List the prime factors of 11912886.
2, 3, 17, 19, 683
List the prime factors of 170695.
5, 7, 4877
What are the prime factors of 585156?
2, 3, 11, 13, 31
List the prime factors of 65057.
67, 971
List the prime factors of 266.
2, 7, 19
List the prime factors of 13944.
2, 3, 7, 83
What are the prime factors of 22138460?
2, 5, 1106923
What are the prime factors of 7128113?
29, 271, 907
What are the prime factors of 188261?
188261
What are the prime factors of 415755?
3, 5, 9239
List the prime factors of 98436.
2, 3, 13, 631
What are the prime factors of 4543772?
2, 47, 24169
List the prime factors of 273729.
3, 91243
What are the prime factors of 96411?
3, 7, 4591
List the prime factors of 773865.
3, 5, 29, 593
What are the prime factors of 334974?
2, 3, 55829
List the prime factors of 65298.
2, 3, 10883
What are the prime factors of 1121808?
2, 3, 23371
What are the prime factors of 8864000?
2, 5, 277
What are the prime factors of 6779808?
2, 3, 7, 19, 59
What are the prime factors of 588176?
2, 36761
List the prime factors of 82690.
2, 5, 8269
What are the prime factors of 90575?
5, 3623
What are the prime factors of 1862674?
2, 11, 43, 179
List the prime factors of 24086972.
2, 7, 13, 66173
List the prime factors of 2513506.
2, 1256753
What are the prime factors of 26497?
26497
What are the prime factors of 387014?
2, 193507
What are the prime factors of 37833208?
2, 7, 675593
What are the prime factors of 1627406?
2, 11, 73973
List the prime factors of 239331.
3, 79777
What are the prime factors of 317226?
2, 3, 7, 13, 83
List the prime factors of 8732916.
2, 3, 23, 53, 199
List the prime factors of 908505.
3, 5, 13, 1553
What are the prime factors of 217810?
2, 5, 23, 947
List the prime factors of 399184.
2, 61, 409
List the prime factors of 945301.
7, 135043
List the prime factors of 15395440.
2, 5, 53, 3631
What are the prime factors of 2496316?
2, 37, 101, 167
List the prime factors of 11247075.
3, 5, 7, 37, 193
What are the prime factors of 1973999?
1973999
What are the prime factors of 265413?
3, 88471
List the prime factors of 27400224.
2, 3, 61, 4679
What are the prime factors of 5481040?
2, 5, 131, 523
What are the prime factors of 751453?
751453
What are the prime factors of 4700200?
2, 5, 71, 331
List the prime factors of 1167447.
3, 389149
List the prime factors of 3852503.
3852503
List the prime factors of 377895.
3, 5, 7, 59, 61
List the prime factors of 12219714.
2, 3, 13, 103
List the prime factors of 2718133.
11, 109, 2267
What are the prime factors of 88547?
88547
What are the prime factors of 505170?
2, 3, 5, 1871
List the prime factors of 538498.
2, 19, 37, 383
What are the prime factors of 11201793?
3, 17, 157, 1399
What are the prime factors of 2714082?
2, 3, 7, 64621
List the prime factors of 525434.
2, 7, 13, 2887
List the prime factors of 201031.
201031
List the prime factors of 15913912.
2, 7, 31, 89, 103
What are the prime factors of 4647512?
2, 580939
List the prime factors of 11134017.
3, 1697
List the prime factors of 1497267.
3, 166363
List the prime factors of 293148.
2, 3, 17, 479
What are the prime factors of 514778?
2, 11, 23399
List the prime factors of 1031614.
2, 101, 5107
What are the prime factors of 3912869?
83, 47143
What are the prime factors of 1322258?
2, 7, 94447
What are the prime factors of 1656132?
2, 3, 29, 4759
What are the prime factors of 253092?
2, 3, 7, 23, 131
What are the prime factors of 5610626?
2, 7, 400759
List the prime factors of 23903.
11, 41, 53
List the prime factors of 14255948.
2, 7, 71, 101
List the prime factors of 4130552.
2, 516319
List the prime factors of 41205.
3, 5, 41, 67
List the prime factors of 1689602.
2, 443, 1907
List the prime factors of 533017.
373, 1429
List the prime factors of 1866291.
3, 7, 181, 491
List the prime factors of 5638941.
3, 7, 11, 79, 103
What are the prime factors of 30879119?
30879119
What are the prime factors of 929581?
929581
What are the prime factors of 2030874?
2, 3, 271, 1249
List the prime factors of 1642705.
5, 29, 11329
What are the prime factors of 1367033?
349, 3917
List the prime factors of 3181500.
2, 3, 5, 7, 101
List the prime factors of 118898.
2, 13, 17, 269
What are the prime factors of 2002863?
3, 23, 29027
What are the prime factors of 13600149?
3, 59, 76837
What are the prime factors of 39169?
13, 23, 131
List the prime factors of 1474117.
37, 39841
List the prime factors of 37263.
3, 12421
What are the prime factors of 9218448?
2, 3, 2371
What are the prime factors of 1036493?
1036493
List the prime factors of 1474328.
2, 184291
What are the prime factors of 7602165?
3, 5, 168937
What are the prime factors of 35049793?
41, 167, 5119
List the prime factors of 414142.
2, 53, 3907
List the prime factors of 82408.
2, 10301
What are the prime factors of 4432508?
2, 1108127
List the prime factors of 580570.
2, 5, 58057
List the prime factors of 22308788.
2, 5577197
List the prime factors of 11108865.
3, 5, 740591
What are the prime fac